{"id":946,"date":"2020-01-13T11:17:52","date_gmt":"2020-01-13T11:17:52","guid":{"rendered":"https:\/\/demosites.io\/marketing-agency-gb\/?page_id=5"},"modified":"2026-02-09T13:52:35","modified_gmt":"2026-02-09T13:52:35","slug":"bcd31-home","status":"publish","type":"page","link":"https:\/\/luxyon.pl\/","title":{"rendered":"Start"},"content":{"rendered":"\n<div class=\"wp-block-cover alignfull\" style=\"min-height:808px;aspect-ratio:unset;\"><img loading=\"lazy\" decoding=\"async\" width=\"1640\" height=\"922\" class=\"wp-block-cover__image-background wp-image-608\" alt=\"\" src=\"https:\/\/luxyon.pl\/wp-content\/uploads\/2024\/05\/neve-hero-2.png\" style=\"object-position:50% 72%\" data-object-fit=\"cover\" data-object-position=\"50% 72%\" srcset=\"https:\/\/luxyon.pl\/wp-content\/uploads\/2024\/05\/neve-hero-2.png 1640w, https:\/\/luxyon.pl\/wp-content\/uploads\/2024\/05\/neve-hero-2-300x169.png 300w\" sizes=\"auto, (max-width: 1640px) 100vw, 1640px\" \/><span aria-hidden=\"true\" class=\"wp-block-cover__background has-background-dim-0 has-background-dim\"><\/span><div class=\"wp-block-cover__inner-container is-layout-flow wp-block-cover-is-layout-flow\">\n<div class=\"wp-block-columns are-vertically-aligned-center is-layout-flex wp-container-core-columns-is-layout-9d6595d7 wp-block-columns-is-layout-flex\">\n<div class=\"wp-block-column is-vertically-aligned-center is-layout-flow wp-block-column-is-layout-flow\" style=\"padding-right:var(--wp--preset--spacing--20);padding-left:var(--wp--preset--spacing--20);flex-basis:65%\">\n<div style=\"height:80px\" aria-hidden=\"true\" class=\"wp-block-spacer\"><\/div>\n\n\n\n<h2 class=\"wp-block-heading has-text-align-left has-nv-text-dark-bg-color has-text-color\">Profesjonalne us\u0142ugi dronowe  Twoim wsparciem<\/h2>\n\n\n\n<p class=\"has-text-align-left has-nv-text-dark-bg-color has-text-color\" style=\"font-size:17px\"><strong>Jako\u015bciowo | Terminowo | Transparentnie | Elastycznie | Indywidualnie<\/strong><\/p>\n\n\n\n<div class=\"wp-block-buttons is-horizontal is-content-justification-left is-layout-flex wp-container-core-buttons-is-layout-7e5fce0a wp-block-buttons-is-layout-flex\"><\/div>\n\n\n\n<div style=\"height:100px\" aria-hidden=\"true\" class=\"wp-block-spacer\"><\/div>\n<\/div>\n\n\n\n<div class=\"wp-block-column is-vertically-aligned-center is-layout-flow wp-block-column-is-layout-flow\">\n<figure class=\"wp-block-image size-full\"><img loading=\"lazy\" decoding=\"async\" width=\"1020\" height=\"1458\" src=\"https:\/\/luxyon.pl\/wp-content\/uploads\/2024\/05\/person-hero-2.png\" alt=\"\" class=\"wp-image-868\" srcset=\"https:\/\/luxyon.pl\/wp-content\/uploads\/2024\/05\/person-hero-2.png 1020w, https:\/\/luxyon.pl\/wp-content\/uploads\/2024\/05\/person-hero-2-210x300.png 210w\" sizes=\"auto, (max-width: 1020px) 100vw, 1020px\" \/><\/figure>\n<\/div>\n<\/div>\n<\/div><\/div>\n\n\n\n<h2 class=\"wp-block-heading has-text-align-center\">BENEFITY<\/h2>\n\n\n\n<div class=\"wp-block-columns is-layout-flex wp-container-core-columns-is-layout-9d6595d7 wp-block-columns-is-layout-flex\">\n<div class=\"wp-block-column neve-duotone is-layout-flow wp-block-column-is-layout-flow\" style=\"padding-right:var(--wp--preset--spacing--30);padding-left:var(--wp--preset--spacing--30)\"><div class=\"wp-block-image icon-style is-style-default wp-duotone-midnight\">\n<figure class=\"aligncenter size-full has-custom-border\"><img loading=\"lazy\" decoding=\"async\" width=\"386\" height=\"214\" src=\"https:\/\/luxyon.pl\/wp-content\/uploads\/2025\/01\/Szybkosc-realizacji-2.jpg\" alt=\"\" class=\"wp-image-1090\" style=\"border-radius:0px\" title=\"\" srcset=\"https:\/\/luxyon.pl\/wp-content\/uploads\/2025\/01\/Szybkosc-realizacji-2.jpg 386w, https:\/\/luxyon.pl\/wp-content\/uploads\/2025\/01\/Szybkosc-realizacji-2-300x166.jpg 300w\" sizes=\"auto, (max-width: 386px) 100vw, 386px\" \/><\/figure>\n<\/div>\n\n\n<div style=\"height:9px\" aria-hidden=\"true\" class=\"wp-block-spacer\"><\/div>\n\n\n\n<h3 class=\"wp-block-heading has-text-align-left has-text-align-center has-neve-text-color-color has-text-color\">Szybko\u015b\u0107<\/h3>\n\n\n\n<p>Szybsze inspekcje <br>i pomiary ni\u017c przy metodach tradycyjnych<\/p>\n\n\n\n<div style=\"height:20px\" aria-hidden=\"true\" class=\"wp-block-spacer\"><\/div>\n<\/div>\n\n\n\n<div class=\"wp-block-column neve-duotone is-layout-flow wp-block-column-is-layout-flow\" style=\"padding-right:var(--wp--preset--spacing--30);padding-left:var(--wp--preset--spacing--30)\"><div class=\"wp-block-image icon-style is-style-default wp-duotone-midnight\">\n<figure class=\"aligncenter size-full has-custom-border\"><img loading=\"lazy\" decoding=\"async\" width=\"386\" height=\"214\" src=\"https:\/\/luxyon.pl\/wp-content\/uploads\/2025\/01\/safety-1.jpg\" alt=\"\" class=\"wp-image-1100\" style=\"border-radius:0px\" title=\"\" srcset=\"https:\/\/luxyon.pl\/wp-content\/uploads\/2025\/01\/safety-1.jpg 386w, https:\/\/luxyon.pl\/wp-content\/uploads\/2025\/01\/safety-1-300x166.jpg 300w\" sizes=\"auto, (max-width: 386px) 100vw, 386px\" \/><\/figure>\n<\/div>\n\n\n<div style=\"height:8px\" aria-hidden=\"true\" class=\"wp-block-spacer\"><\/div>\n\n\n\n<h3 class=\"wp-block-heading\">Bezpiecznie<\/h3>\n\n\n\n<p class=\"has-text-align-left\">Eliminacja prac wysoko\u015bciowych <br>i redukcja ryzyka dla ludzi<\/p>\n\n\n\n<div style=\"height:20px\" aria-hidden=\"true\" class=\"wp-block-spacer\"><\/div>\n<\/div>\n\n\n\n<div class=\"wp-block-column neve-duotone is-layout-flow wp-block-column-is-layout-flow\" style=\"padding-right:var(--wp--preset--spacing--30);padding-left:var(--wp--preset--spacing--30)\"><div class=\"wp-block-image icon-style is-style-default wp-duotone-midnight\">\n<figure class=\"aligncenter size-full is-resized has-custom-border\"><img loading=\"lazy\" decoding=\"async\" width=\"350\" height=\"214\" src=\"https:\/\/luxyon.pl\/wp-content\/uploads\/2025\/01\/Dokladnosc-danych-1.jpg\" alt=\"\" class=\"wp-image-1092\" style=\"border-radius:0px;width:170px;height:auto\" title=\"\" srcset=\"https:\/\/luxyon.pl\/wp-content\/uploads\/2025\/01\/Dokladnosc-danych-1.jpg 350w, https:\/\/luxyon.pl\/wp-content\/uploads\/2025\/01\/Dokladnosc-danych-1-300x183.jpg 300w\" sizes=\"auto, (max-width: 350px) 100vw, 350px\" \/><\/figure>\n<\/div>\n\n\n<div style=\"height:6px\" aria-hidden=\"true\" class=\"wp-block-spacer\"><\/div>\n\n\n\n<h3 class=\"wp-block-heading has-text-align-center has-neve-text-color-color has-text-color\">Jako\u015b\u0107<\/h3>\n\n\n\n<p class=\"has-text-align-left\">Wysoka rozdzielczo\u015b\u0107 48 MP, HDR 4K\/60k\/s, 4K\/100k\/s <\/p>\n\n\n\n<div style=\"height:20px\" aria-hidden=\"true\" class=\"wp-block-spacer\"><\/div>\n<\/div>\n\n\n\n<div class=\"wp-block-column is-layout-flow wp-block-column-is-layout-flow\" style=\"padding-right:var(--wp--preset--spacing--30);padding-left:var(--wp--preset--spacing--30)\"><div class=\"wp-block-image icon-style is-style-default wp-duotone-midnight\">\n<figure class=\"aligncenter size-full is-resized has-custom-border\"><img loading=\"lazy\" decoding=\"async\" width=\"350\" height=\"214\" src=\"https:\/\/luxyon.pl\/wp-content\/uploads\/2025\/01\/Redukcja-kosztow-1.jpg\" alt=\"\" class=\"wp-image-1093\" style=\"border-radius:0px;width:160px;height:auto\" title=\"\" srcset=\"https:\/\/luxyon.pl\/wp-content\/uploads\/2025\/01\/Redukcja-kosztow-1.jpg 350w, https:\/\/luxyon.pl\/wp-content\/uploads\/2025\/01\/Redukcja-kosztow-1-300x183.jpg 300w\" sizes=\"auto, (max-width: 350px) 100vw, 350px\" \/><\/figure>\n<\/div>\n\n\n<div style=\"height:8px\" aria-hidden=\"true\" class=\"wp-block-spacer\"><\/div>\n\n\n\n<h3 class=\"wp-block-heading has-text-align-center has-neve-text-color-color has-text-color\">Oszcz\u0119dno\u015b\u0107<\/h3>\n\n\n\n<p class=\"has-text-align-left\">Brak konieczno\u015bci najmu sprz\u0119tu specjalistycznego<\/p>\n\n\n\n<div style=\"height:20px\" aria-hidden=\"true\" class=\"wp-block-spacer\"><\/div>\n<\/div>\n\n\n\n<div class=\"wp-block-column is-layout-flow wp-block-column-is-layout-flow\" style=\"padding-right:var(--wp--preset--spacing--30);padding-left:var(--wp--preset--spacing--30)\"><div class=\"wp-block-image icon-style is-style-default wp-duotone-midnight\">\n<figure class=\"aligncenter size-full is-resized has-custom-border\"><img loading=\"lazy\" decoding=\"async\" width=\"350\" height=\"214\" src=\"https:\/\/luxyon.pl\/wp-content\/uploads\/2025\/01\/Slad-weglowy-1.jpg\" alt=\"\" class=\"wp-image-1094\" style=\"border-radius:0px;width:164px;height:auto\" title=\"\" srcset=\"https:\/\/luxyon.pl\/wp-content\/uploads\/2025\/01\/Slad-weglowy-1.jpg 350w, https:\/\/luxyon.pl\/wp-content\/uploads\/2025\/01\/Slad-weglowy-1-300x183.jpg 300w\" sizes=\"auto, (max-width: 350px) 100vw, 350px\" \/><\/figure>\n<\/div>\n\n\n<div style=\"height:5px\" aria-hidden=\"true\" class=\"wp-block-spacer\"><\/div>\n\n\n\n<h3 class=\"wp-block-heading has-text-align-center has-neve-text-color-color has-text-color\">Ekologia<\/h3>\n\n\n\n<p class=\"has-text-align-center\">Minimalny \u015blad \u015brodowiskowy<\/p>\n\n\n\n<div style=\"height:20px\" aria-hidden=\"true\" class=\"wp-block-spacer\"><\/div>\n<\/div>\n<\/div>\n\n\n\n<div class=\"wp-block-columns is-layout-flex wp-container-core-columns-is-layout-9d6595d7 wp-block-columns-is-layout-flex\">\n<div class=\"wp-block-column neve-duotone is-layout-flow wp-block-column-is-layout-flow\" style=\"padding-right:var(--wp--preset--spacing--30);padding-left:var(--wp--preset--spacing--30)\"><div class=\"wp-block-image icon-style is-style-default wp-duotone-midnight\">\n<figure class=\"aligncenter size-full has-custom-border\"><img loading=\"lazy\" decoding=\"async\" width=\"128\" height=\"128\" src=\"https:\/\/luxyon.pl\/wp-content\/uploads\/2024\/11\/tasks-1.png\" alt=\"\" class=\"wp-image-1052\" style=\"border-radius:0px\" title=\"\"\/><\/figure>\n<\/div>\n\n\n<div style=\"height:16px\" aria-hidden=\"true\" class=\"wp-block-spacer\"><\/div>\n\n\n\n<h3 class=\"wp-block-heading has-text-align-center has-neve-text-color-color has-text-color\">Inspekcje techniczne<\/h3>\n\n\n\n<p class=\"has-text-align-left\"><strong>Ocena stanu technicznego obiekt\u00f3w<\/strong> budynki, centra handlowe, obiekty in\u017cynierskie<\/p>\n\n\n\n<div style=\"height:20px\" aria-hidden=\"true\" class=\"wp-block-spacer\"><\/div>\n<\/div>\n\n\n\n<div class=\"wp-block-column is-layout-flow wp-block-column-is-layout-flow\" style=\"padding-right:var(--wp--preset--spacing--30);padding-left:var(--wp--preset--spacing--30)\"><div class=\"wp-block-image icon-style is-style-default\">\n<figure class=\"aligncenter size-full has-custom-border\"><img loading=\"lazy\" decoding=\"async\" width=\"128\" height=\"128\" src=\"https:\/\/luxyon.pl\/wp-content\/uploads\/2024\/11\/search.png\" alt=\"\" class=\"wp-image-1053\" style=\"border-radius:0px\" title=\"\"\/><\/figure>\n<\/div>\n\n\n<div style=\"height:16px\" aria-hidden=\"true\" class=\"wp-block-spacer\"><\/div>\n\n\n\n<h3 class=\"wp-block-heading has-text-align-center\">Nieruchomo\u015bci<\/h3>\n\n\n\n<p class=\"has-text-align-left\">Atrakcyjna <strong>prezentacja nieruchomo\u015bci<\/strong> i\/lub post\u0119p\u00f3w prac budowlanych<\/p>\n\n\n\n<div style=\"height:20px\" aria-hidden=\"true\" class=\"wp-block-spacer\"><\/div>\n<\/div>\n\n\n\n<div class=\"wp-block-column is-layout-flow wp-block-column-is-layout-flow\" style=\"padding-right:var(--wp--preset--spacing--30);padding-left:var(--wp--preset--spacing--30)\"><div class=\"wp-block-image icon-style is-style-default wp-duotone-unset-1\">\n<figure class=\"aligncenter size-full has-custom-border\"><img loading=\"lazy\" decoding=\"async\" width=\"128\" height=\"128\" src=\"https:\/\/luxyon.pl\/wp-content\/uploads\/2024\/11\/mine.png\" alt=\"\" class=\"wp-image-1054\" style=\"border-radius:0px\" title=\"\"\/><\/figure>\n<\/div>\n\n\n<div style=\"height:16px\" aria-hidden=\"true\" class=\"wp-block-spacer\"><\/div>\n\n\n\n<h3 class=\"wp-block-heading has-text-align-center has-neve-text-color-color has-text-color\">Fotogrametria 2D\/3D<\/h3>\n\n\n\n<p class=\"has-text-align-left\"><strong>Produkty fotogrametryczne                       <\/strong> z niskiego pu\u0142apu &#8211; ortofoto, NMT, NMPT, chmura punkt\u00f3w, MESH3D<\/p>\n\n\n\n<div style=\"height:20px\" aria-hidden=\"true\" class=\"wp-block-spacer\"><\/div>\n<\/div>\n<\/div>\n\n\n\n<div class=\"wp-block-cover alignfull\" style=\"min-height:300px;aspect-ratio:unset;\"><span aria-hidden=\"true\" class=\"wp-block-cover__background has-neve-link-color-background-color has-background-dim-100 has-background-dim\"><\/span><div class=\"wp-block-cover__inner-container is-layout-flow wp-block-cover-is-layout-flow\">\n<div style=\"height:140px\" aria-hidden=\"true\" class=\"wp-block-spacer\"><\/div>\n\n\n\n<div class=\"wp-block-columns is-layout-flex wp-container-core-columns-is-layout-9d6595d7 wp-block-columns-is-layout-flex\">\n<div class=\"wp-block-column is-layout-flow wp-block-column-is-layout-flow\" style=\"flex-basis:20%\">\n<figure class=\"wp-block-image size-full\"><img loading=\"lazy\" decoding=\"async\" width=\"563\" height=\"418\" src=\"https:\/\/luxyon.pl\/wp-content\/uploads\/2025\/01\/Rece.jpg\" alt=\"\" class=\"wp-image-1120\" srcset=\"https:\/\/luxyon.pl\/wp-content\/uploads\/2025\/01\/Rece.jpg 563w, https:\/\/luxyon.pl\/wp-content\/uploads\/2025\/01\/Rece-300x223.jpg 300w\" sizes=\"auto, (max-width: 563px) 100vw, 563px\" \/><\/figure>\n<\/div>\n\n\n\n<div class=\"wp-block-column is-layout-flow wp-block-column-is-layout-flow\" style=\"flex-basis:60%\">\n<div class=\"wp-block-group\"><div class=\"wp-block-group__inner-container is-layout-constrained wp-block-group-is-layout-constrained\">\n<h2 class=\"wp-block-heading has-text-align-center has-nv-text-dark-bg-color has-text-color\">Twoje potrzeby <br>nasze rozwi\u0105zanie!<\/h2>\n\n\n\n<p class=\"has-text-align-center has-nv-text-dark-bg-color has-text-color has-link-color wp-elements-798672a17d3ecdeded668492f75ef064\"><strong>Zapraszamy do kontaktu!<\/strong><\/p>\n\n\n\n<div class=\"wp-block-buttons is-horizontal is-content-justification-center is-layout-flex wp-container-core-buttons-is-layout-499968f5 wp-block-buttons-is-layout-flex\">\n<div class=\"wp-block-button is-style-primary\"><a class=\"wp-block-button__link has-neve-link-color-color has-text-color has-background has-link-color wp-element-button\" href=\"https:\/\/luxyon.pl\/index.php\/kontakt\/\" style=\"background-color:#ffffff\">Rozpocznij<\/a><\/div>\n<\/div>\n<\/div><\/div>\n<\/div>\n\n\n\n<div class=\"wp-block-column is-layout-flow wp-block-column-is-layout-flow\" style=\"flex-basis:20%\">\n<figure class=\"wp-block-image size-full\"><img loading=\"lazy\" decoding=\"async\" width=\"563\" height=\"418\" src=\"https:\/\/luxyon.pl\/wp-content\/uploads\/2025\/01\/Rece.jpg\" alt=\"\" class=\"wp-image-1120\" srcset=\"https:\/\/luxyon.pl\/wp-content\/uploads\/2025\/01\/Rece.jpg 563w, https:\/\/luxyon.pl\/wp-content\/uploads\/2025\/01\/Rece-300x223.jpg 300w\" sizes=\"auto, (max-width: 563px) 100vw, 563px\" \/><\/figure>\n<\/div>\n<\/div>\n\n\n\n<div style=\"height:140px\" aria-hidden=\"true\" class=\"wp-block-spacer\"><\/div>\n<\/div><\/div>\n\n\n\n<p><\/p>\n\n\n\n<div class=\"wp-block-columns is-layout-flex wp-container-core-columns-is-layout-9d6595d7 wp-block-columns-is-layout-flex\">\n<div class=\"wp-block-column is-layout-flow wp-block-column-is-layout-flow\">\n<p><strong>Luxyon Sp. z o.o.<\/strong><br>ul. Drohobycka 5\/12 <br>54-620 Wroc\u0142aw<\/p>\n\n\n\n<p>kom. 692 441 935<br>E-mail biuro@luxyon.pl<\/p>\n<\/div>\n\n\n\n<div class=\"wp-block-column is-layout-flow wp-block-column-is-layout-flow\">\n<p>S\u0105d Rejonowy dla Wroc\u0142awia Fabrycznej<br>VI Wydzia\u0142 Gospodarczy KRS<\/p>\n\n\n\n<p>KRS 0001128490 <br>NIP 894 324 43 81 <br>REGON 529711102<br>Kapita\u0142 zak\u0142adowy 5 000 z\u0142<\/p>\n<\/div>\n<\/div>\n\n\n\n<p><\/p>\n\n\n\n<p><\/p>\n","protected":false},"excerpt":{"rendered":"<p>BENEFITY Szybko\u015b\u0107 Szybsze inspekcje i pomiary ni\u017c przy metodach tradycyjnych Bezpiecznie Eliminacja prac wysoko\u015bciowych i redukcja ryzyka dla ludzi Jako\u015b\u0107 Wysoka rozdzielczo\u015b\u0107 48 MP, HDR 4K\/60k\/s, 4K\/100k\/s Oszcz\u0119dno\u015b\u0107 Brak konieczno\u015bci najmu sprz\u0119tu specjalistycznego Ekologia Minimalny \u015blad \u015brodowiskowy Inspekcje techniczne Ocena stanu technicznego obiekt\u00f3w budynki, centra handlowe, obiekty in\u017cynierskie Nieruchomo\u015bci Atrakcyjna prezentacja nieruchomo\u015bci i\/lub post\u0119p\u00f3w prac&hellip;&nbsp;<a href=\"https:\/\/luxyon.pl\/\" rel=\"bookmark\">Dowiedz si\u0119 wi\u0119cej &raquo;<span class=\"screen-reader-text\">Start<\/span><\/a><\/p>\n","protected":false},"author":1,"featured_media":0,"parent":0,"menu_order":0,"comment_status":"closed","ping_status":"closed","template":"","meta":{"om_disable_all_campaigns":false,"_exactmetrics_skip_tracking":false,"_exactmetrics_sitenote_active":false,"_exactmetrics_sitenote_note":"","_exactmetrics_sitenote_category":0,"_monsterinsights_skip_tracking":false,"_monsterinsights_sitenote_active":false,"_monsterinsights_sitenote_note":"","_monsterinsights_sitenote_category":0,"_uf_show_specific_survey":0,"_uf_disable_surveys":false,"neve_meta_sidebar":"default","neve_meta_container":"default","neve_meta_enable_content_width":"on","neve_meta_content_width":100,"neve_meta_title_alignment":"","neve_meta_author_avatar":"","neve_post_elements_order":"","neve_meta_disable_header":"","neve_meta_disable_footer":"","neve_meta_disable_title":"on","_themeisle_gutenberg_block_has_review":false,"footnotes":""},"class_list":["post-946","page","type-page","status-publish","hentry"],"aioseo_notices":[],"_links":{"self":[{"href":"https:\/\/luxyon.pl\/index.php\/wp-json\/wp\/v2\/pages\/946","targetHints":{"allow":["GET"]}}],"collection":[{"href":"https:\/\/luxyon.pl\/index.php\/wp-json\/wp\/v2\/pages"}],"about":[{"href":"https:\/\/luxyon.pl\/index.php\/wp-json\/wp\/v2\/types\/page"}],"author":[{"embeddable":true,"href":"https:\/\/luxyon.pl\/index.php\/wp-json\/wp\/v2\/users\/1"}],"replies":[{"embeddable":true,"href":"https:\/\/luxyon.pl\/index.php\/wp-json\/wp\/v2\/comments?post=946"}],"version-history":[{"count":80,"href":"https:\/\/luxyon.pl\/index.php\/wp-json\/wp\/v2\/pages\/946\/revisions"}],"predecessor-version":[{"id":1284,"href":"https:\/\/luxyon.pl\/index.php\/wp-json\/wp\/v2\/pages\/946\/revisions\/1284"}],"wp:attachment":[{"href":"https:\/\/luxyon.pl\/index.php\/wp-json\/wp\/v2\/media?parent=946"}],"curies":[{"name":"wp","href":"https:\/\/api.w.org\/{rel}","templated":true}]}}